t b(r) = r**2 + 14*r - 7. Calculate the remainder when g(-6) is divided by b(q).
6
Let u be ((-1)/(-8)*10)/((-1)/(-8)). Suppose -4*v = u - 42. What is the remainder when 28 is divided by v?
4
Suppose 3*g - 15 = -4*j, -j - 5*g + 15 = -2*g. Calculate the remainder when 44 is divided by (j + 1)/(26/312).
8
Let l(v) = v**3 + 9*v**2 + v + 10. Let q be l(-9). Let r be q - ((4 - 3) + -2). Suppose f - 10 = r. Calculate the remainder when 22 is divided by f.
10
Suppose 0 = -3*g + 19 + 5. Suppose 2*l + 5*f = 5*l + 1859, -f = -5*l - 3091. What is the remainder when l/(-21) - 8/(-14) is divided by g?
6
Let y(n) = -2*n**2 + 18*n + 16. Let w(m) = -m - 1. Let i(o) = -36*w(o) - 2*y(o). Suppose -27 = -2*j + 47. What is the remainder when j is divided by i(-2)?
17
Let z(k) = -k**2 - 10*k - 11. What is the remainder when 154 is divided by z(-4)?
11
Calculate the remainder when 224 - (468/6)/13 is divided by 52.
10
Calculate the remainder when 4/(-3)*54/(-12)*48 is divided by 58.
56
Let w = -1346 + 1383. What is the remainder when w is divided by 28?
9
Let a = -19 - -24. Suppose -3*i = -m - 80, -i + 130 = 4*i - a*m. Calculate the remainder when i is divided by 6.
3
Let h(l) = -69*l + 10. Let p be h(-1). Let x = -7 + p. Calculate the remainder when x is divided by 37.
35
Let m(h) = 2*h**2 - 3*h - 4. Suppose 2*q = 6*i - 5*i + 112, 4*q - 236 = -4*i. Calculate the remainder when q is divided by m(3).
2
Let y(x) = x**3 + 17*x**2 - 17*x + 24. Calculate the remainder when 33 is divided by y(-18).
3
Let l be 3 - (12/4 + -2). Suppose l*c = 5*x + 47, 4*c - 99 = x + 4*x. Let v = c + 14. What is the remainder when v is divided by 14?
12
Let h be 84/22 + (-10)/(-55). Suppose -3*f + 5*t + 44 = 0, h*f + 3*t - 20 = -0*t. What is the remainder when 39 is divided by f?
7
Let p(g) = -32*g - 171. Calculate the remainder when p(-17) is divided by 71.
18
Suppose 41*t - 34*t - 287 = 0. Calculate the remainder when 70 is divided by t.
29
Let c = 22 - 106. Let s = -68 - c. Calculate the remainder when 79 is divided by s.
15
Let k(r) = -2*r - 5. Let s be k(4). Let l = s + 22. Calculate the remainder when l is divided by 8.
1
Let y(v) be the third derivative of -7*v**4/24 - 4*v**3/3 - v**2. Let t(a) = -a**2 + 13*a - 30. What is the remainder when y(-6) is divided by t(7)?
10
Suppose 7*f - 6 = 4*f. Suppose 4*m + a = -f*a - 4, -3*a = -4*m - 28. What is the remainder when 49 is divided by 198/12 + (-2)/m?
15
What is the remainder when 362 is divided by (-1884)/(-72) + (1 - 14/12)?
24
Calculate the remainder when 1186 is divided by (-11)/4*(-8)/12*12.
20
Suppose 0 = 5*x + 10, 0*c - 3*x + 4 = 5*c. Suppose n - z - 97 = -5*z, c = 2*z. Calculate the remainder when n is divided by 19.
17
Calculate the remainder when 381 - 1 - (6 - 17) is divided by 33.
28
Let r = 207 - 170. Calculate the remainder when 49 is divided by r.
12
Let f = -19 + 33. Suppose 3*p = -f - 1. Calculate the remainder when 94 is divided by 5*((-34)/p - 2).
22
Let u = -5491 + 5523. Suppose 575 = -0*q + 5*q. What is the remainder when q is divided by u?
19
Suppose 93 = -4*j + 1493. Suppose 2*l + 3*y = -3*l + j, -243 = -4*l + 5*y. Suppose 0 = -3*u + l + 47. Calculate the remainder when u is divided by 13.
12
Suppose 230 = u + 2*j - 3*j, -u - j = -220. Let v = 321 - u. Suppose -3*i + 7*i = v. What is the remainder when 94 is divided by i?
22
What is the remainder when 40 is divided by 3 + (6 - 3) + 19?
15
Let c = 248 + -246. Calculate the remainder when -1 - (-1)/((-2)/(-44)) is divided by (c*-2)/((-10)/20).
5
Suppose m - 110 = -2*g - m, -3*m + 3 = 0. What is the remainder when g is divided by 8?
6
Let y(w) = -32*w**3 - 2*w**2 + 9*w + 18. Calculate the remainder when y(-3) is divided by 12.
9
Let l(v) = 4*v**2 + 15*v + 3. Let u(a) = a**2 + a - 1. Let j(o) = -l(o) + 6*u(o). Suppose 6*k = k + 240. Calculate the remainder when k is divided by j(7).
22
Suppose 2*r = 4*b - 198, 3*b - 141 = 3*r - 0*r. What is the remainder when 91 is divided by b?
39
Suppose 0 = -q + 120 - 47. Suppose 3*k = -2*b + 41, -k = -6*k - b + 73. Calculate the remainder when q is divided by k.
13
Let m be 3 - (4/(-7) + (-3997)/(-49)). Let y = 24 - m. What is the remainder when y is divided by 26?
24
Let l(m) = -8*m. Let v = -701 + 405. Let t = v - -421. What is the remainder when t is divided by l(-4)?
29
Let i = 10 - 7. Suppose -7 = -y - 2*h + h, i*h = 4*y - 14. Suppose 3*z = 5*t - 0 + y, -t = z - 7. Calculate the remainder when t is divided by 2.
0
Suppose 69*q = 80*q - 1320. What is the remainder when q is divided by 61?
59
What is the remainder when 73 is divided by ((-72)/(-108) - (-250)/(-6))*-1?
32
Let y(q) = -q**3 - 5*q**2 + 6*q + 9. Let h be y(-6). Suppose -4*i + h = -19. What is the remainder when i is divided by 11 + 0 + -3 - (3 + 2/2)?
3
Suppose -4*x = 5*h - 252, 5*x = 3*h - 0*x - 129. Suppose -k + 32 = -h. Let q = k + -41. Calculate the remainder when q is divided by 14.
11
Suppose -3*s + 48 = -s. Let c be 34/3 + (-2)/6. Let t(h) = -h**2 + 14*h + 14. What is the remainder when t(c) is divided by s?
23
Let c = -20 - -42. Suppose -f - 5*v + 17 = -2*v, -2*f - 2*v + c = 0. What is the remainder when 28 is divided by f?
4
Suppose 5*r - 4*r = -2. Let j = 181 - 158. What is the remainder when (5 - -108) + 2/r is divided by j?
20
Suppose 5*u - 3*f - 190 + 45 = 0, -3*f = -3*u + 81. What is the remainder when 111 is divided by u?
15
Let n be (-2317)/(-49) + -1 + (-2)/7. Let a = n + -32. What is the remainder when 64 is divided by a?
8
Let h be (-174)/10 + (-34)/(-85). Let i = h - -20. What is the remainder when 15 is divided by -6 + -1 + i - -10?
3
Suppose 0 = -3*c - 4*i + 13, -2*c + 137*i = 136*i - 16. Calculate the remainder when 42 is divided by c.
0
Suppose 8*s = 16*s - 144. What is the remainder when 82 is divided by s?
10
Suppose 0 = -5*i - 81 - 69. Let a = -26 - i. Calculate the remainder when a is divided by 3.
1
Let c be (1 - (-6)/3) + 7. Suppose -2*h - c = 0, -3*b - 100 = 2*b + 4*h. Let l = 24 + b. Calculate the remainder when l is divided by 5.
3
Let d(h) = 2*h**2 - 31*h - 14. Let i be d(16). Let v(r) = 4*r**3 - 3*r + 3. What is the remainder when v(i) is divided by 15?
14
Let t(w) = -w + 2*w + 0*w**3 + 9*w**2 + 9 + w**3. Let o be t(-9). Suppose o = 3*c - 6 - 0. Calculate the remainder when c is divided by 1.
0
Let c(t) = -t**3 + 4*t**2 + 7*t - 6. Let r = 1404 - 1397. Calculate the remainder when r is divided by c(5).
3
Calculate the remainder when 550 is divided by 3 + 7/(-3) + (-2289)/(-63).
32
Suppose 2*h - 6 = 0, 3 = -b + h - 0. Suppose 55 = -b*q + 5*q. Calculate the remainder when 136/(-85)*(-25)/2 is divided by q.
9
Suppose -3*z + 13 = -8. Suppose 12*r = z*r + 950. Suppose -150 = -5*k + r. What is the remainder when k is divided by 23?
22
Let i(c) = 4*c**3 + 2*c**2 + 2*c + 1. Let l be i(-1). What is the remainder when (70 + l - 0) + 0 is divided by 17?
16
Let t = 27 + -25. Let d(b) = -4*b**2 + 4*b - 2. Let a be d(t). Let u(k) = -2*k**2 - 22*k - 6. What is the remainder when 41 is divided by u(a)?
13
Suppose -7 - 17 = -2*b. Let r = -33 - b. What is the remainder when (-54)/r*(-220)/(-3) is divided by 13?
10
Suppose -o + 5*o = 0, 0 = -5*m - o + 65. What is the remainder when m is divided by 4?
1
Let v = -383 + 390. Calculate the remainder when 27 - (-2 + 2) - 0 is divided by v.
6
Let x(w) = 4*w**2 + 12*w + 6. Calculate the remainder when x(-7) is divided by 12.
10
Let s(r) = r**2 - 28*r - 28. What is the remainder when 24 is divided by s(29)?
0
Let m(q) be the first derivative of -21*q**2/2 - 29*q - 3. What is the remainder when m(-4) is divided by 15?
10
Let p(s) = -6*s - 2. Let n be p(2). Let x = -10 - n. Suppose -5*o + 5*v = 26 - 91, -x*o = -2*v - 62. Calculate the remainder when o is divided by 5.
3
Suppose 10*y = -307 + 927. Calculate the remainder when 173 is divided by y.
49
Let r = 1068 - 1019. What is the remainder when 117 is divided by r?
19
Let v(b) = b**3 + 33*b**2 + 33*b + 54. Calculate the remainder when 152 is divided by v(-32).
20
Let t(d) = -d**2 - 8*d - 5. Suppose 9 = -3*v - 12. Let n be t(v). Calculate the remainder when (1/n)/((-1)/(-82)) is divided by 22.
19
Let o(y) = 7*y**2 - 6*y + 11. Let t(m) = m**2 + 7*m + 15. Let z be t(-3). Calculate the remainder when o(z) is divided by 10.
6
Let n(u) = 2*u - 3. Let b be n(3). S